{"id":20,"date":"2026-02-03T20:20:13","date_gmt":"2026-02-03T19:20:13","guid":{"rendered":"https:\/\/reseau-biotop.com\/brocante-materiaux\/?page_id=20"},"modified":"2026-02-17T09:30:19","modified_gmt":"2026-02-17T08:30:19","slug":"jeudi-24-et-vendredi-25-avril-2026","status":"publish","type":"page","link":"https:\/\/reseau-biotop.com\/brocante-materiaux\/","title":{"rendered":"Brocante mat\u00e9riaux"},"content":{"rendered":"<p>[vc_row][vc_column][vc_single_image image=\u00a0\u00bb8&Prime; img_size=\u00a0\u00bb350&#215;140&Prime; alignment=\u00a0\u00bbcenter\u00a0\u00bb][\/vc_column][\/vc_row][vc_row row_content_width=\u00a0\u00bbgrid\u00a0\u00bb css=\u00a0\u00bb.vc_custom_1522151637519{padding-top: 55px !important;}\u00a0\u00bb][vc_column]<div class=\"edgtf-section-title-holder  edgtf-st-standard edgtf-st-title-left edgtf-st-normal-space edgtf-st-disable-title-break \" style=\"text-align: center\">\n\t<div class=\"edgtf-st-inner\">\n\t\t\t\t\t<h2 class=\"edgtf-st-title\" >\n\t\t\t\tRendez-vous les\t\t\t<\/h2>\n\t\t                        <span class=\"edgtf-st-subtitle\" style=\"font-size: 30px;margin-top: 4px\">\n                                    <span class=\"edgtf-st-subtitle-inner\">Vendredi 24 &amp; samedi 25 avril 2026<\/span>\n                                <\/span>\n        \t\t\t<\/div>\n<\/div>[vc_empty_space height=\u00a0\u00bb49px\u00a0\u00bb][vc_single_image image=\u00a0\u00bb220&Prime; img_size=\u00a0\u00bbfull\u00a0\u00bb][vc_empty_space height=\u00a0\u00bb35&Prime;]<div class=\"edgtf-section-title-holder  edgtf-st-standard edgtf-st-title-left edgtf-st-normal-space  \" >\n\t<div class=\"edgtf-st-inner\">\n\t\t                        <span class=\"edgtf-st-subtitle\" style=\"font-size: 25px;line-height: 35px\">\n                                    <span class=\"edgtf-st-subtitle-inner\">La seconde vie qui am\u00e9liore votre vie\u2009!<\/span>\n                                <\/span>\n        \t\t\t<\/div>\n<\/div>[vc_column_text]Dans les entrep\u00f4ts des entreprises, de nombreux mat\u00e9riaux en parfait \u00e9tat restent inutilis\u00e9s, parce qu\u2019ils sont en surplus ou qu\u2019ils ne correspondent plus aux besoins des chantiers. La brocante aux mat\u00e9riaux vous propose <strong>un acc\u00e8s direct aux entrep\u00f4ts <\/strong>des entreprises participantes et des<strong> produits \u00e0 tarifs pr\u00e9f\u00e9rentiels.<\/strong>[\/vc_column_text][vc_empty_space height=\u00a0\u00bb15&Prime;]<div class=\"edgtf-section-title-holder  edgtf-st-standard edgtf-st-title-left edgtf-st-normal-space  \" >\n\t<div class=\"edgtf-st-inner\">\n\t\t                        <span class=\"edgtf-st-subtitle\" style=\"font-size: 25px;line-height: 35px\">\n                                    <span class=\"edgtf-st-subtitle-inner\">Ce que vous allez trouver\u2026<\/span>\n                                <\/span>\n        \t\t\t<\/div>\n<\/div>[vc_column_text]Les stocks varient selon les entreprises. Le principe reste le m\u00eame\u00a0: premier arriv\u00e9, premier servi\u2009![\/vc_column_text][\/vc_column][\/vc_row][vc_row content_placement=\u00a0\u00bbtop\u00a0\u00bb row_content_width=\u00a0\u00bbgrid\u00a0\u00bb css=\u00a0\u00bb.vc_custom_1770204276730{padding-top: 50px !important;padding-bottom: 25px !important;}\u00a0\u00bb][vc_column width=\u00a0\u00bb1\/4&Prime; css=\u00a0\u00bb.vc_custom_1770144518218{padding-bottom: 10px !important;}\u00a0\u00bb][vc_single_image image=\u00a0\u00bb89&Prime; img_size=\u00a0\u00bb200&#215;200&Prime; alignment=\u00a0\u00bbcenter\u00a0\u00bb style=\u00a0\u00bbvc_box_rounded\u00a0\u00bb]<div class=\"edgtf-section-title-holder  edgtf-st-standard edgtf-st-title-left edgtf-st-normal-space  \" style=\"text-align: center\">\n\t<div class=\"edgtf-st-inner\">\n\t\t                        <span class=\"edgtf-st-subtitle\" style=\"font-size: 20px;line-height: 30px\">\n                                    <span class=\"edgtf-st-subtitle-inner\">Sanitaires &amp; plomberie<\/span>\n                                <\/span>\n        \t\t\t<\/div>\n<\/div>[vc_column_text]<\/p>\n<p style=\"text-align: center;\">Lavabos, baignoires, robinetterie, tuyauterie, \u00e9quipements de salle de bain, accessoires<\/p>\n<p>[\/vc_column_text][\/vc_column][vc_column width=\u00a0\u00bb1\/4&Prime; css=\u00a0\u00bb.vc_custom_1770144521790{padding-bottom: 10px !important;}\u00a0\u00bb][vc_single_image image=\u00a0\u00bb93&Prime; img_size=\u00a0\u00bb200&#215;200&Prime; alignment=\u00a0\u00bbcenter\u00a0\u00bb style=\u00a0\u00bbvc_box_rounded\u00a0\u00bb]<div class=\"edgtf-section-title-holder  edgtf-st-standard edgtf-st-title-left edgtf-st-normal-space  \" style=\"text-align: center\">\n\t<div class=\"edgtf-st-inner\">\n\t\t                        <span class=\"edgtf-st-subtitle\" style=\"font-size: 20px;line-height: 30px\">\n                                    <span class=\"edgtf-st-subtitle-inner\">Outillage &amp; quincaillerie<\/span>\n                                <\/span>\n        \t\t\t<\/div>\n<\/div>[vc_column_text]<\/p>\n<p style=\"text-align: center;\">Outils manuels et \u00e9lectriques, visserie, serrurerie, \u00e9chelles, \u00e9quipements de chantier<\/p>\n<p>[\/vc_column_text][\/vc_column][vc_column width=\u00a0\u00bb1\/4&Prime; css=\u00a0\u00bb.vc_custom_1770144525111{padding-bottom: 10px !important;}\u00a0\u00bb][vc_single_image image=\u00a0\u00bb95&Prime; img_size=\u00a0\u00bb200&#215;200&Prime; alignment=\u00a0\u00bbcenter\u00a0\u00bb style=\u00a0\u00bbvc_box_rounded\u00a0\u00bb]<div class=\"edgtf-section-title-holder  edgtf-st-standard edgtf-st-title-left edgtf-st-normal-space  \" style=\"text-align: center\">\n\t<div class=\"edgtf-st-inner\">\n\t\t                        <span class=\"edgtf-st-subtitle\" style=\"font-size: 20px;line-height: 30px\">\n                                    <span class=\"edgtf-st-subtitle-inner\">Mat\u00e9riaux de construction<\/span>\n                                <\/span>\n        \t\t\t<\/div>\n<\/div>[vc_column_text]<\/p>\n<p style=\"text-align: center;\">Briques, parpaings, ciment, isolants, plaques de pl\u00e2tre, dalles, carrelage, rev\u00eatements de sol\u2026<\/p>\n<p>[\/vc_column_text][\/vc_column][vc_column width=\u00a0\u00bb1\/4&Prime; css=\u00a0\u00bb.vc_custom_1770144528874{padding-bottom: 10px !important;}\u00a0\u00bb][vc_single_image image=\u00a0\u00bb212&Prime; img_size=\u00a0\u00bb200&#215;200&Prime; alignment=\u00a0\u00bbcenter\u00a0\u00bb style=\u00a0\u00bbvc_box_rounded\u00a0\u00bb]<div class=\"edgtf-section-title-holder  edgtf-st-standard edgtf-st-title-left edgtf-st-normal-space  \" style=\"text-align: center\">\n\t<div class=\"edgtf-st-inner\">\n\t\t                        <span class=\"edgtf-st-subtitle\" style=\"font-size: 20px;line-height: 28px\">\n                                    <span class=\"edgtf-st-subtitle-inner\">Menuiserie int\u00e9rieure &amp; ext\u00e9rieure<\/span>\n                                <\/span>\n        \t\t\t<\/div>\n<\/div>[vc_column_text]<\/p>\n<p style=\"text-align: center;\">Portes, fen\u00eatres, volets, boiseries, lames de terrasse, cl\u00f4tures, portails\u2026<\/p>\n<p>[\/vc_column_text][\/vc_column][\/vc_row][vc_row row_content_width=\u00a0\u00bbgrid\u00a0\u00bb css=\u00a0\u00bb.vc_custom_1770204282632{padding-bottom: 50px !important;}\u00a0\u00bb][vc_column]<div class=\"edgtf-section-title-holder  edgtf-st-standard edgtf-st-title-left edgtf-st-normal-space  \" >\n\t<div class=\"edgtf-st-inner\">\n\t\t                        <span class=\"edgtf-st-subtitle\" style=\"font-size: 25px;line-height: 35px\">\n                                    <span class=\"edgtf-st-subtitle-inner\">Des mat\u00e9riaux de qualit\u00e9 + des prix qui donnent envie = une seconde vie qui a du sens\u2009!<\/span>\n                                <\/span>\n        \t\t\t<\/div>\n<\/div>[vc_empty_space height=\u00a0\u00bb15px\u00a0\u00bb]<div class=\"edgtf-icon-list-holder \" >\n\t<div class=\"edgtf-il-icon-holder\">\n\t\t<i class=\"edgtf-icon-font-awesome fa fa-bullseye \" style=\"color: #81d742;font-size: 25px\"><\/i>\t<\/div>\n\t<p class=\"edgtf-il-text\" style=\"padding-left: 25px\">R\u00e9duisez le co\u00fbt de vos travaux sans rogner sur la qualit\u00e9<\/p>\n<\/div><div class=\"edgtf-icon-list-holder \" >\n\t<div class=\"edgtf-il-icon-holder\">\n\t\t<i class=\"edgtf-icon-font-awesome fa fa-bullseye \" style=\"color: #81d742;font-size: 25px\"><\/i>\t<\/div>\n\t<p class=\"edgtf-il-text\" style=\"padding-left: 25px\">Donnez une seconde vie \u00e0 des ressources d\u00e9j\u00e0 produites<\/p>\n<\/div><div class=\"edgtf-icon-list-holder \" >\n\t<div class=\"edgtf-il-icon-holder\">\n\t\t<i class=\"edgtf-icon-font-awesome fa fa-bullseye \" style=\"color: #81d742;font-size: 25px\"><\/i>\t<\/div>\n\t<p class=\"edgtf-il-text\" style=\"padding-left: 25px\">Acc\u00e9dez \u00e0 des mat\u00e9riaux professionnels difficiles \u00e0 trouver hors circuit BTP<\/p>\n<\/div><div class=\"edgtf-icon-list-holder \" >\n\t<div class=\"edgtf-il-icon-holder\">\n\t\t<i class=\"edgtf-icon-font-awesome fa fa-bullseye \" style=\"color: #81d742;font-size: 25px\"><\/i>\t<\/div>\n\t<p class=\"edgtf-il-text\" style=\"padding-left: 25px\">Achetez utile, local et concret.<\/p>\n<\/div>[vc_empty_space height=\u00a0\u00bb15&Prime;]<div class=\"edgtf-section-title-holder  edgtf-st-standard edgtf-st-title-left edgtf-st-normal-space  \" >\n\t<div class=\"edgtf-st-inner\">\n\t\t                        <span class=\"edgtf-st-subtitle\" style=\"font-size: 25px;line-height: 35px\">\n                                    <span class=\"edgtf-st-subtitle-inner\">Le concept<\/span>\n                                <\/span>\n        \t\t\t<\/div>\n<\/div>[vc_column_text]Contrairement \u00e0 une brocante classique, l\u2019\u00e9v\u00e9nement se d\u00e9roule\u00a0<strong>au sein m\u00eame des entreprises participantes<\/strong>. <a href=\"https:\/\/reseau-biotop.com\/1\/\" target=\"_blank\" rel=\"noopener\">Biotop<\/a>, <a href=\"https:\/\/www.recita.org\/company\/h\/conect.html\" target=\"_blank\" rel=\"noopener\">Conect<\/a>, <a href=\"https:\/\/www.circulerochefort.com\/\" target=\"_blank\" rel=\"noopener\">Circule&rsquo;R<\/a> et <a href=\"https:\/\/cyclad.org\/syndicat-mixte-cyclad\/le-syndicat-mixte-cyclad\/\" target=\"_blank\" rel=\"noopener\">Cyclad<\/a> se sont associ\u00e9s pour organiser cet \u00e9v\u00e9nement, dans une d\u00e9marche d\u2019\u00e9conomie circulaire territoriale qui permet de r\u00e9duire les d\u00e9chets du secteur de la construction et de rendre les mat\u00e9riaux accessibles au plus grand nombre.[\/vc_column_text][\/vc_column][\/vc_row][vc_row row_content_width=\u00a0\u00bbgrid\u00a0\u00bb][vc_column]<div class=\"edgtf-section-title-holder  edgtf-st-standard edgtf-st-title-left edgtf-st-normal-space edgtf-st-disable-title-break \" style=\"text-align: center\">\n\t<div class=\"edgtf-st-inner\">\n\t\t\t\t\t<h2 class=\"edgtf-st-title\" >\n\t\t\t\tLES PARTENAIRES\t\t\t<\/h2>\n\t\t                        <span class=\"edgtf-st-subtitle\" style=\"font-size: 20px\">\n                                    <span class=\"edgtf-st-subtitle-inner\">Quatre acteurs de l'\u00e9conomie circulaire en Charente-Maritime s'associent pour cet \u00e9v\u00e9nement<\/span>\n                                <\/span>\n        \t\t\t<\/div>\n<\/div>[\/vc_column][\/vc_row][vc_row content_placement=\u00a0\u00bbtop\u00a0\u00bb row_content_width=\u00a0\u00bbgrid\u00a0\u00bb css=\u00a0\u00bb.vc_custom_1770137570077{padding-top: 50px !important;padding-bottom: 50px !important;}\u00a0\u00bb][vc_column width=\u00a0\u00bb1\/4&Prime; css=\u00a0\u00bb.vc_custom_1770144496280{padding-bottom: 10px !important;}\u00a0\u00bb][vc_single_image image=\u00a0\u00bb121&Prime; img_size=\u00a0\u00bbfull\u00a0\u00bb alignment=\u00a0\u00bbcenter\u00a0\u00bb style=\u00a0\u00bbvc_box_rounded\u00a0\u00bb onclick=\u00a0\u00bbcustom_link\u00a0\u00bb img_link_target=\u00a0\u00bb_blank\u00a0\u00bb link=\u00a0\u00bbhttps:\/\/reseau-biotop.com\/1\/\u00a0\u00bb][vc_column_text]<\/p>\n<p style=\"text-align: center;\">Eco-r\u00e9seau des entreprises de La Rochelle<\/p>\n<p>[\/vc_column_text][\/vc_column][vc_column width=\u00a0\u00bb1\/4&Prime; css=\u00a0\u00bb.vc_custom_1770144483352{padding-bottom: 10px !important;}\u00a0\u00bb][vc_single_image image=\u00a0\u00bb122&Prime; img_size=\u00a0\u00bbfull\u00a0\u00bb alignment=\u00a0\u00bbcenter\u00a0\u00bb style=\u00a0\u00bbvc_box_rounded\u00a0\u00bb onclick=\u00a0\u00bbcustom_link\u00a0\u00bb img_link_target=\u00a0\u00bb_blank\u00a0\u00bb link=\u00a0\u00bbhttps:\/\/www.recita.org\/company\/h\/conect.html\u00a0\u00bb][vc_column_text]<\/p>\n<p style=\"text-align: center;\">Eco-r\u00e9seau des entreprises de Saintes<\/p>\n<p>[\/vc_column_text][\/vc_column][vc_column width=\u00a0\u00bb1\/4&Prime; css=\u00a0\u00bb.vc_custom_1770144487812{padding-bottom: 10px !important;}\u00a0\u00bb][vc_single_image image=\u00a0\u00bb123&Prime; img_size=\u00a0\u00bbfull\u00a0\u00bb alignment=\u00a0\u00bbcenter\u00a0\u00bb style=\u00a0\u00bbvc_box_rounded\u00a0\u00bb onclick=\u00a0\u00bbcustom_link\u00a0\u00bb img_link_target=\u00a0\u00bb_blank\u00a0\u00bb link=\u00a0\u00bbhttps:\/\/www.circulerochefort.com\/\u00a0\u00bb][vc_column_text]<\/p>\n<p style=\"text-align: center;\">Eco-r\u00e9seau des entreprises du Pays Rochefortais<\/p>\n<p>[\/vc_column_text][\/vc_column][vc_column width=\u00a0\u00bb1\/4&Prime; css=\u00a0\u00bb.vc_custom_1770144492860{padding-bottom: 10px !important;}\u00a0\u00bb][vc_single_image image=\u00a0\u00bb235&Prime; img_size=\u00a0\u00bbfull\u00a0\u00bb alignment=\u00a0\u00bbcenter\u00a0\u00bb style=\u00a0\u00bbvc_box_rounded\u00a0\u00bb onclick=\u00a0\u00bbcustom_link\u00a0\u00bb img_link_target=\u00a0\u00bb_blank\u00a0\u00bb link=\u00a0\u00bbhttps:\/\/cyclad.org\/syndicat-mixte-cyclad\/le-syndicat-mixte-cyclad\/\u00a0\u00bb][vc_column_text]<\/p>\n<p style=\"text-align: center;\">Syndicat Mixte de gestion des d\u00e9chets du Nord de la Charente-Maritime<\/p>\n<p>[\/vc_column_text][\/vc_column][\/vc_row][vc_row row_content_width=\u00a0\u00bbgrid\u00a0\u00bb css=\u00a0\u00bb.vc_custom_1770142427981{padding-bottom: 20px !important;background-color: #f9f9f9 !important;border-radius: 20px !important;}\u00a0\u00bb][vc_column css=\u00a0\u00bb.vc_custom_1522327578030{background-position: center !important;background-repeat: no-repeat !important;background-size: cover !important;}\u00a0\u00bb]<div class=\"edgtf-section-title-holder  edgtf-st-standard edgtf-st-title-left edgtf-st-normal-space  \" >\n\t<div class=\"edgtf-st-inner\">\n\t\t\t\t\t<h3 class=\"edgtf-st-title\" >\n\t\t\t\tINFORMATIONS PRATIQUES<br \/>\t\t\t<\/h3>\n\t\t        \t\t\t<\/div>\n<\/div>[vc_empty_space height=\u00a0\u00bb24px\u00a0\u00bb][vc_column_text]<strong>Dates : <\/strong>vendredi 24 et samedi 25 avril 2026<\/p>\n<p><strong>Horaires : <\/strong><em>v\u00e9rifiez les horaires de chaque structure participante sur la carte<\/em><\/p>\n<p><strong>Moyens de paiement : <\/strong>esp\u00e8ces, ch\u00e8ques, CB (selon les sites)<\/p>\n<p><strong>Acc\u00e8s : <\/strong>directement dans les entreprises, aux mat\u00e9riauth\u00e8ques\u00a0de Circule\u2019R ou de BIOTOP (voir carte ci-dessous). Venez avec un v\u00e9hicule adapt\u00e9 pour le transport de vos achats.[\/vc_column_text][vc_empty_space height=\u00a0\u00bb18&Prime;]<div class=\"edgtf-section-title-holder  edgtf-st-standard edgtf-st-title-left edgtf-st-normal-space  \" >\n\t<div class=\"edgtf-st-inner\">\n\t\t                        <span class=\"edgtf-st-subtitle\" style=\"font-size: 20px;line-height: 30px;margin-top: 9px\">\n                                    <span class=\"edgtf-st-subtitle-inner\">Pr\u00e9parez votre visite en contactant les structures en amont pour conna\u00eetre leurs stocks disponibles !<\/span>\n                                <\/span>\n        \t\t\t<\/div>\n<\/div>[\/vc_column][\/vc_row][vc_row row_content_width=\u00a0\u00bbgrid\u00a0\u00bb css=\u00a0\u00bb.vc_custom_1770139441799{margin-top: 60px !important;}\u00a0\u00bb][vc_column]<div class=\"edgtf-section-title-holder  edgtf-st-standard edgtf-st-title-left edgtf-st-normal-space edgtf-st-disable-title-break \" style=\"text-align: center\">\n\t<div class=\"edgtf-st-inner\">\n\t\t\t\t\t<h2 class=\"edgtf-st-title\" >\n\t\t\t\tO\u00d9 NOUS TROUVER ?\t\t\t<\/h2>\n\t\t                        <span class=\"edgtf-st-subtitle\" style=\"font-size: 18px;line-height: 28px\">\n                                    <span class=\"edgtf-st-subtitle-inner\">Retrouvez les emplacements des structures participantes en cliquant sur la carte interactive.<br \/>\nChaque point vous donne les coordonn\u00e9es, les horaires d'ouverture et les cat\u00e9gories de mat\u00e9riaux sp\u00e9cifiques<\/span>\n                                <\/span>\n        \t\t\t<\/div>\n<\/div>[vc_empty_space height=\u00a0\u00bb49px\u00a0\u00bb][\/vc_column][\/vc_row][vc_row row_content_width=\u00a0\u00bbgrid\u00a0\u00bb][vc_column][vc_raw_html]JTNDaWZyYW1lJTIwc3JjJTNEJTIyaHR0cHMlM0ElMkYlMkZ3d3cuZ29vZ2xlLmNvbSUyRm1hcHMlMkZkJTJGZW1iZWQlM0ZtaWQlM0QxNWdJZmJtUTlWRzFmQzNfOGt5RWxhbFRwVmhIZXEtNCUyNmVoYmMlM0QyRTMxMkYlMjIlMjB3aWR0aCUzRCUyMjEwMCUyNSUyMiUyMGhlaWdodCUzRCUyMjQ4MCUyMiUzRSUzQyUyRmlmcmFtZSUzRQ==[\/vc_raw_html][\/vc_column][\/vc_row][vc_row row_content_width=\u00a0\u00bbgrid\u00a0\u00bb css=\u00a0\u00bb.vc_custom_1770142626487{margin-top: 60px !important;margin-bottom: 100px !important;padding-bottom: 51px !important;background-color: #113555 !important;border-radius: 25px !important;}\u00a0\u00bb][vc_column]<div class=\"edgtf-section-title-holder  edgtf-st-standard edgtf-st-title-left edgtf-st-normal-space edgtf-st-disable-title-break \" style=\"text-align: center\">\n\t<div class=\"edgtf-st-inner\">\n\t\t\t\t\t<h2 class=\"edgtf-st-title\" style=\"color: #ffffff\">\n\t\t\t\tEnsemble, donnons une seconde vie aux mat\u00e9riaux !\t\t\t<\/h2>\n\t\t        \t\t\t<\/div>\n<\/div><div class=\"edgtf-section-title-holder  edgtf-st-standard edgtf-st-title-left edgtf-st-normal-space  \" style=\"text-align: center\">\n\t<div class=\"edgtf-st-inner\">\n\t\t                        <span class=\"edgtf-st-subtitle\" style=\"color: #ffffff\">\n                                    <span class=\"edgtf-st-subtitle-inner\">La brocante aux mat\u00e9riaux, c'est :<\/span>\n                                <\/span>\n        \t\t\t\t\t<p class=\"edgtf-st-text\" style=\"color: #ffffff\">\n\t\t\t\t- Des \u00e9conomies pour vos projets<br \/>\n- Moins de d\u00e9chets enfouis ou incin\u00e9r\u00e9s\t\t\t<\/p>\n\t\t\t<\/div>\n<\/div>[vc_empty_space height=\u00a0\u00bb15&Prime;]<div class=\"edgtf-section-title-holder  edgtf-st-standard edgtf-st-title-left edgtf-st-normal-space  \" style=\"text-align: center\">\n\t<div class=\"edgtf-st-inner\">\n\t\t                        <span class=\"edgtf-st-subtitle\" style=\"color: #ffffff;font-size: 30px;margin-top: 4px\">\n                                    <span class=\"edgtf-st-subtitle-inner\">RDV les 24 et 25 avril<\/span>\n                                <\/span>\n        \t\t\t<\/div>\n<\/div>[vc_single_image image=\u00a0\u00bb8&Prime; img_size=\u00a0\u00bb350&#215;140&Prime; alignment=\u00a0\u00bbcenter\u00a0\u00bb css=\u00a0\u00bb.vc_custom_1770141579457{margin-top: 25px !important;margin-bottom: -114px !important;}\u00a0\u00bb][\/vc_column][\/vc_row]<\/p>\n","protected":false},"excerpt":{"rendered":"<p>[vc_row][vc_column][vc_single_image image=\u00a0\u00bb8&Prime; img_size=\u00a0\u00bb350&#215;140&Prime; alignment=\u00a0\u00bbcenter\u00a0\u00bb][\/vc_column][\/vc_row][vc_row row_content_width=\u00a0\u00bbgrid\u00a0\u00bb css=\u00a0\u00bb.vc_custom_1522151637519{padding-top: 55px !important;}\u00a0\u00bb][vc_column][vc_empty_space height=\u00a0\u00bb49px\u00a0\u00bb][vc_single_image image=\u00a0\u00bb220&Prime; img_size=\u00a0\u00bbfull\u00a0\u00bb][vc_empty_space height=\u00a0\u00bb35&Prime;][vc_column_text]Dans les entrep\u00f4ts des entreprises, de nombreux mat\u00e9riaux en parfait \u00e9tat restent inutilis\u00e9s, parce qu\u2019ils sont en surplus ou qu\u2019ils ne correspondent plus aux besoins des chantiers. La brocante [&hellip;]<\/p>\n","protected":false},"author":1,"featured_media":0,"parent":0,"menu_order":0,"comment_status":"closed","ping_status":"closed","template":"coming-soon-page.php","meta":{"footnotes":""},"_links":{"self":[{"href":"https:\/\/reseau-biotop.com\/brocante-materiaux\/wp-json\/wp\/v2\/pages\/20"}],"collection":[{"href":"https:\/\/reseau-biotop.com\/brocante-materiaux\/wp-json\/wp\/v2\/pages"}],"about":[{"href":"https:\/\/reseau-biotop.com\/brocante-materiaux\/wp-json\/wp\/v2\/types\/page"}],"author":[{"embeddable":true,"href":"https:\/\/reseau-biotop.com\/brocante-materiaux\/wp-json\/wp\/v2\/users\/1"}],"replies":[{"embeddable":true,"href":"https:\/\/reseau-biotop.com\/brocante-materiaux\/wp-json\/wp\/v2\/comments?post=20"}],"version-history":[{"count":197,"href":"https:\/\/reseau-biotop.com\/brocante-materiaux\/wp-json\/wp\/v2\/pages\/20\/revisions"}],"predecessor-version":[{"id":238,"href":"https:\/\/reseau-biotop.com\/brocante-materiaux\/wp-json\/wp\/v2\/pages\/20\/revisions\/238"}],"wp:attachment":[{"href":"https:\/\/reseau-biotop.com\/brocante-materiaux\/wp-json\/wp\/v2\/media?parent=20"}],"curies":[{"name":"wp","href":"https:\/\/api.w.org\/{rel}","templated":true}]}}